3523 a composite number?
False
Is 235875571 a composite number?
False
Is 16266119 prime?
True
Is 55257303 composite?
True
Is 4920901 composite?
False
Is 1631507 a prime number?
False
Is 169079641 prime?
False
Is 10614767 a composite number?
False
Is 93592729 composite?
True
Is 1145299 composite?
False
Is 3503761 composite?
False
Is 2908261 a composite number?
False
Is 11056978 a prime number?
False
Is 9456521 prime?
False
Is 7265593 a composite number?
False
Is 44451097 a composite number?
True
Is 3483133 a composite number?
False
Is 27657029 composite?
False
Is 15986739 a prime number?
False
Is 17016313 composite?
False
Is 2334107 composite?
False
Is 260162719 composite?
True
Is 10333507 composite?
True
Is 19263155 prime?
False
Is 73592093 composite?
False
Is 28178347 a prime number?
True
Is 70918179 a prime number?
False
Is 10518473 a composite number?
True
Is 7234807 a composite number?
True
Is 1930793 a prime number?
True
Is 228731489 a prime number?
False
Is 299771 a prime number?
True
Is 121698793 a prime number?
True
Is 1686777 composite?
True
Is 288348857 prime?
True
Is 24055481 a composite number?
True
Is 63842503 prime?
False
Is 51659534 prime?
False
Is 34163 a composite number?
True
Is 345564907 prime?
True
Is 1208677 a prime number?
True
Is 2143667 prime?
True
Is 226776349 a prime number?
True
Is 2313673 composite?
True
Is 69329389 prime?
False
Is 113550369 a prime number?
False
Is 29283745 a composite number?
True
Is 8946943 a composite number?
True
Is 227535949 composite?
False
Is 98949047 a prime number?
True
Is 182867761 prime?
False
Is 80814373 a prime number?
False
Is 63648001 a composite number?
True
Is 41816531 a composite number?
True
Is 918819679 prime?
True
Is 22029907 composite?
True
Is 2829773 prime?
False
Is 115785191 a prime number?
True
Is 2865787 composite?
False
Is 7773247 composite?
True
Is 5108533 a prime number?
True
Is 21699269 prime?
True
Is 3580418 a composite number?
True
Is 371699597 a prime number?
False
Is 29468917 prime?
False
Is 11827001 a prime number?
True
Is 111373549 prime?
False
Is 6003037 a composite number?
True
Is 390481271 composite?
False
Is 64203167 a composite number?
True
Is 11683253 a composite number?
False
Is 22465997 composite?
False
Is 1212103 composite?
False
Is 597408451 a prime number?
True
Is 1767079 prime?
True
Is 76933841 a composite number?
True
Is 36245729 prime?
False
Is 1430846 prime?
False
Is 2056793 composite?
True
Is 49317649 a composite number?
False
Is 157514817 prime?
False
Is 7814855 composite?
True
Is 567937 composite?
False
Is 6755449 composite?
False
Is 82828943 composite?
True
Is 18450563 composite?
True
Is 6638837 a composite number?
True
Is 398197 a composite number?
True
Is 30290971 composite?
True
Is 4029511 composite?
True
Is 10841783 prime?
True
Is 4409203 a composite number?
True
Is 1136511487 prime?
False
Is 8558813 a composite number?
False
Is 4379915 a prime number?
False
Is 11071133 prime?
True
Is 21247553 a composite number?
True
Is 1900831 a composite number?
False
Is 566075327 a composite number?
True
Is 3795499 composite?
False
Is 3915799 a composite number?
True
Is 802753 a prime number?
False
Is 36346573 a prime number?
True
Is 66179423 composite?
False
Is 3040651 a prime number?
False
Is 32285879 a prime number?
False
Is 391379 prime?
True
Is 149123449 a prime number?
True
Is 1921873 a composite number?
False
Is 24201157 a prime number?
True
Is 23431021 composite?
False
Is 215737 prime?
True
Is 1265777 prime?
True
Is 6759757 composite?
False
Is 68051855 a composite number?
True
Is 11432119 a prime number?
False
Is 9984913 a prime number?
True
Is 368887 prime?
False
Is 166354145 composite?
True
Is 6630011 prime?
True
Is 14922727 a prime number?
True
Is 19159207 composite?
True
Is 270313699 a composite number?
True
Is 48340267 a composite number?
False
Is 10148447 a prime number?
False
Is 2969333 a prime number?
True
Is 11811629 composite?
False
Is 20302727 a prime number?
False
Is 5529427 a prime number?
True
Is 12174067 a composite number?
True
Is 736477 a prime number?
False
Is 90507173 prime?
False
Is 151591949 prime?
False
Is 1617379 composite?
True
Is 16704043 a prime number?
True
Is 407285 composite?
True
Is 350310157 prime?
True
Is 1993333 a composite number?
True
Is 180877 a prime number?
False
Is 39521513 a composite number?
True
Is 265058593 a composite number?
True
Is 4657421 a composite number?
True
Is 18876623 composite?
True
Is 16553947 a prime number?
False
Is 6588551 composite?
False
Is 43437883 a composite number?
True
Is 76956107 composite?
False
Is 945647 a composite number?
False
Is 3954635 prime?
False
Is 2229223 prime?
False
Is 3295657 a composite number?
False
Is 7978093 a prime number?
False
Is 105066707 composite?
True
Is 6015743 prime?
False
Is 149851661 prime?
False
Is 1019789 prime?
False
Is 43990435 composite?
True
Is 1878403 a prime number?
True
Is 19912837 prime?
False
Is 71383067 prime?
False
Is 42602759 composite?
True
Is 1049317049 a prime number?
False
Is 251529511 prime?
True
Is 1394849 a composite number?
False
Is 40488587 prime?
False
Is 274723 a prime number?
True
Is 18246785 composite?
True
Is 6795473 a prime number?
False
Is 2486999 a prime number?
False
Is 6308521 composite?
False
Is 2293055 prime?
False
Is 2244497 a composite number?
True
Is 68894351 a prime number?
True
Is 593473 a prime number?
True
Is 65072879 composite?
True
Is 8797006 composite?
True
Is 75364061 a prime number?
True
Is 4489351 a prime number?
True
Is 60659023 composite?
True
Is 15653279 a composite number?
False
Is 22329155 prime?
False
Is 105667 a prime number?
True
Is 904721 composite?
False
Is 172396537 prime?
True
Is 2020911 prime?
False
Is 6344077 composite?
True
Is 2211051 prime?
False
Is 1591609 prime?
False
Is 17384977 a composite number?
True
Is 103916501 a composite number?
True
Is 6035879 a composite number?
True
Is 2731961 a composite number?
False
Is 36511381 prime?
True
Is 464750953 composite?
True
Is 31818613 composite?
False
Is 221722103 composite?
False
Is 90086959 composite?
False
Is 9356273 a prime number?
False
Is 27987985 a composite number?
True
Is 24747943 prime?
False
Is 419830159 a composite number?
True
Is 1595683 a composite number?
True
Is 178085 composite?
True
Is 7758094 a prime number?
False
Is 445427 a composite number?
False
Is 28548251 prime?
False
Is 4271527 a prime number?
False
Is 50750383 a prime number?
True
Is 8188473 prime?
False
Is 2309453 a composite number?
True
Is 2337389 composite?
False
Is 69387821 prime?
False
Is 104192005 a prime number?
False
Is 93557297 a composite number?
True
Is 15117013 composite?
False
Is 537049 a prime number?
False
Is 59928979 composite?
True
Is 1256127 a prime number?
False
Is 958710097 composite?
False
Is 961507 a prime number?
True
Is 2790971 composite?
False
Is 104827 composite?
False
Is 4545865 composite?
True
Is 12822317 prime?
True
Is 7005013 a composite number?
False
Is 1101803 a prime number?
True
Is 4347467 prime?
True
Is 11405951 a composite number?
True
Is 2397449 a prime number?
True
Is 6309209 composite?
False
Is 103207301 composite?
False
Is 14831763 a composite number?
True
Is 1123079 composite?
False
Is 46267561 a prime number?
False
Is 16125871 composite?
True
Is 7757429 a composite number?
True
Is 65078939 a composite number?
False
Is 2710793 composite?
True
Is 4482307 a prime number?
False
Is 22307779 a prime number?
False
Is 2936797 a composite number?
False
Is 749769607 prime?
True
Is 47676649 composite?
False
Is 455209 prime?
False
Is 6131287 prime?
False
Is 733699 a prime number?
False
Is 7407761 a composite number?
False
Is 60535723 prime?
True
Is 15861515 a composite number?
True
Is 9597667 prime?
False
Is 190232339 composite?
True
Is 173073011 composite?
True
Is 1207079 a composite number?
False
Is 1163749 prime?
False
Is 845423 a composite number?
True
Is 30333857 a prime number?
False
Is 4862437 composite?
False
Is 685907 a composite number?
False
Is 1542097297 prime?
False
Is 1323349 prime?
True
Is 251129381 prime?
True
Is 283927531 a prime number?
True
Is 4299653 composite?
False
Is 12431841 prime?
False
Is 78988009 a composite number?
True
Is 639992501 a composite number?
False
Is 588292051 a composite number?
False
Is 15117